{"id":1687,"date":"2023-11-28T12:15:36","date_gmt":"2023-11-28T11:15:36","guid":{"rendered":"https:\/\/mondoffice.borasolab.it\/mondoffice-arreda\/?page_id=1687"},"modified":"2023-11-29T10:46:56","modified_gmt":"2023-11-29T09:46:56","slug":"privacy-policy","status":"publish","type":"page","link":"https:\/\/www.mondoffice.com\/mondoffice-arreda\/privacy-policy\/","title":{"rendered":"Privacy policy"},"content":{"rendered":"\r\n<p><i>Testo aggiornato al 28\/11\/2023<\/i><\/p>\r\n<p>&nbsp;<\/p>\r\n<p>La presente informativa viene resa, ai sensi dell&#8217;articolo 13 del GDPR, a coloro che compilano il modulo di contatto presente sul sito internet del Titolare <a href=\"https:\/\/www.mondoffice.com\/mondoffice-arreda\">www.mondoffice.com\/mondoffice-arreda<\/a>.<\/p>\r\n<p>&nbsp;<\/p>\r\n<p><b>Identit\u00e0 del Titolare<\/b><\/p>\r\n<p>&nbsp;<\/p>\r\n<p>Il Titolare del trattamento \u00e8 la societ\u00e0 Mondoffice S.r.l. con sede in Via per Gattinara, 17 &#8211; 13851 Castelletto Cervo (BI), nella persona del suo Amministratore Delegato pro tempore.<\/p>\r\n<p>&nbsp;<\/p>\r\n<p><b>Identit\u00e0 del Responsabile della Protezione dei Dati (DPO)<\/b><\/p>\r\n<p>&nbsp;<\/p>\r\n<p>Il Responsabile della Protezione dei Dati \u00e8 Alice Siciliano, Data Protection Officer, per la carica domiciliato in Via per Gattinara, 17 &#8211; 13851 Castelletto Cervo (BI). Per informazioni o chiarimenti scrivere a\u00a0<a href=\"mailto:dpo@mondoffice.com\">dpo@mondoffice.com<\/a><\/p>\r\n<p>&nbsp;<\/p>\r\n<p><b>Fonte e tipologia dei dati<\/b><\/p>\r\n<p>&nbsp;<\/p>\r\n<p>I dati personali trattati vengono conferiti spontaneamente dall&#8217;interessato attraverso la compilazione del modulo (form) proposto sul sito del Titolare del trattamento.<\/p>\r\n<p>I dati trattati sono i seguenti: nome e cognome, indirizzo mail, telefono, Ragione sociale, Cap, nr. dipendenti pi\u00f9 un campo facoltativo &#8220;parlaci del tuo progetto&#8221;.<\/p>\r\n<p>&nbsp;<\/p>\r\n<p><b>Finalit\u00e0 del trattamento<\/b><\/p>\r\n<p>&nbsp;<\/p>\r\n<p>I dati personali sono trattati per ricontattare il potenziale cliente ed evadere le richieste formulate mediante la compilazione del form on line.<\/p>\r\n<p>&nbsp;<\/p>\r\n<p><b>Base giuridica del trattamento<\/b><\/p>\r\n<p>&nbsp;<\/p>\r\n<p>La base giuridica del trattamento \u00e8 costituita:<\/p>\r\n<ul>\r\n<li>dall&#8217;espressione del consenso (se non cliente) manifestato mediante azione positiva inequivocabile consistente nel libero, incondizionato ed informato invio del modulo compilato.<\/li>\r\n<li>Esecuzione di un contratto di cui l&#8217;interessato \u00e8 parte (cliente).<\/li>\r\n<\/ul>\r\n<p><b>Conservazione dei dati<\/b><\/p>\r\n<p>&nbsp;<\/p>\r\n<p>Il Titolare del trattamento conserva e tratta i dati personali per il tempo necessario ad adempiere alle finalit\u00e0 indicate. Nella fattispecie, vengono direttamente eliminati se non ritenuti di interesse mentre quelli oggetto di richiesta da evadere:<\/p>\r\n<ul>\r\n<li>da cliente, con riferimento ad attivit\u00e0 contrattuali-post contrattuali, vengono archiviate tra le note all&#8217;interno del gestionale e conservati fino a prescrizione amministrativa dall&#8217;ultima transazione commerciale;<\/li>\r\n<li>da utente non cliente vengono conservati in archivio per un anno.<\/li>\r\n<\/ul>\r\n<p>&nbsp;<\/p>\r\n<p><b>Destinatari dei dati<\/b><\/p>\r\n<p>&nbsp;<\/p>\r\n<p>I dati personali trattati dal Titolare non sono diffusi, ovvero non ne viene data conoscenza a soggetti indeterminati, in nessuna possibile forma, inclusa quella della loro messa a disposizione o semplice consultazione. Possono, invece, essere comunicati ai lavoratori che operano alle dipendenze del Titolare, ai soggetti esterni che con esso collaborano designati in qualit\u00e0 di Responsabili del trattamento o autorizzati al trattamento in quanto operanti sotto l&#8217;autorit\u00e0 del Titolare del trattamento.<\/p>\r\n<p>Possono inoltre essere comunicati, nei limiti strettamente necessari, ai soggetti che per finalit\u00e0 di evasione delle vostre richieste debbano fornire beni o eseguire su incarico del Titolare prestazioni o servizi. Infine, possono essere comunicati ai soggetti legittimati ad accedervi in forza di disposizioni di legge, regolamenti, normative comunitarie.<\/p>\r\n<p>In particolare, sulla base dei ruoli e delle mansioni lavorative espletate, i lavoratori sono stati legittimati a trattare i vostri dati personali, nei limiti delle loro competenze ed in conformit\u00e0 alle istruzioni ad essi impartite dal Titolare del trattamento.<\/p>\r\n<p>I soggetti esterni che operano sotto l&#8217;autorit\u00e0 del Titolare sono stati anch&#8217;essi opportunamente autorizzati in base al tipo di prestazione fornita, al trattamento effettuato, alla natura dei dati trattati.<\/p>\r\n<p>&nbsp;<\/p>\r\n<p><b>Rifiuto al conferimento dei dati<\/b><\/p>\r\n<p>&nbsp;<\/p>\r\n<p>L&#8217;inserimento dei dati contrassegnati con l&#8217;asterisco \u00e8 indispensabile per l&#8217;invio della richiesta da parte dell&#8217;utente. Pertanto, un rifiuto al conferimento non consente l&#8217;invio e quindi la presa in carico della richiesta.<\/p>\r\n<p>&nbsp;<\/p>\r\n<p><b>Diritti dell&#8217;interessato<\/b><\/p>\r\n<p>&nbsp;<\/p>\r\n<p>Con riferimento agli artt. 15 &#8211; diritto di accesso, 16 &#8211; diritto di rettifica, 17 &#8211; diritto alla cancellazione, 18 &#8211; diritto alla limitazione del trattamento, 20 &#8211; diritto alla portabilit\u00e0, 21 &#8211; diritto di opposizione, 22 diritto di opposizione al processo decisionale automatizzato del GDPR , l&#8217;interessato esercita i suoi diritti scrivendo al Titolare del trattamento all&#8217;indirizzo sopra riportato, oppure a mezzo e-mail all&#8217;indirizzo info@mondoffice.com, specificando l&#8217;oggetto della sua richiesta, il diritto che intende esercitare e allegando fotocopia di un documento di identit\u00e0 che attesti la legittimit\u00e0 della richiesta.<\/p>\r\n<p>Il Titolare ricorda in particolare che ogni soggetto interessato pu\u00f2 esercitare il diritto di opposizione nelle forme e nei modi previsti dall&#8217;art. 21 GDPR.<\/p>\r\n<p>&nbsp;<\/p>\r\n<p><b>Revoca del consenso<\/b><\/p>\r\n<p>&nbsp;<\/p>\r\n<p>Con riferimento all&#8217;art. 7 del GDPR, l&#8217;interessato pu\u00f2 revocare in qualsiasi momento il consenso eventualmente prestato. La revoca del consenso determiner\u00e0 la cessazione del trattamento dei dati inseriti nel form.<\/p>\r\n<p>&nbsp;<\/p>\r\n<p><b>Proposizione di reclamo<\/b><\/p>\r\n<p>&nbsp;<\/p>\r\n<p>L&#8217;interessato ha il diritto di proporre reclamo all&#8217;autorit\u00e0 di controllo dello stato di residenza.<\/p>\r\n<p>&nbsp;<\/p>\r\n<p><b>Trasferimento dei dati<\/b><\/p>\r\n<p>&nbsp;<\/p>\r\n<p>In nessun caso il Titolare del trattamento trasferisce i dati personali in paesi terzi o a organizzazioni internazionali. Tuttavia, si riserva la possibilit\u00e0 di utilizzare servizi in cloud; nel qual caso, i fornitori dei servizi saranno selezionati tra coloro che forniscono garanzie adeguate, cos\u00ec come previsto dall&#8217;art. 46 GDPR.<\/p>\r\n<p>&nbsp;<\/p>\r\n<p><b>Processi decisionali automatizzati<\/b><\/p>\r\n<p>&nbsp;<\/p>\r\n<p>In nessun caso, relativamente ai trattamenti di seguito indicati, il Titolare effettua trattamenti che consistono in processi decisionali automatizzati sui dati delle persone fisiche.<\/p>\r\n","protected":false},"excerpt":{"rendered":"<p>Testo aggiornato al 28\/11\/2023 &nbsp; La presente informativa viene resa, ai sensi dell&#8217;articolo 13 del GDPR, a coloro che compilano il modulo di contatto presente sul sito internet del Titolare www.mondoffice.com\/mondoffice-arreda. &nbsp; Identit\u00e0 del Titolare &nbsp; Il Titolare del trattamento \u00e8 la societ\u00e0 Mondoffice S.r.l. con sede in Via per Gattinara, 17 &#8211; 13851 Castelletto [&hellip;]<\/p>\n","protected":false},"author":6,"featured_media":0,"parent":0,"menu_order":0,"comment_status":"closed","ping_status":"closed","template":"","meta":{"_acf_changed":false,"_genesis_hide_title":false,"_genesis_hide_breadcrumbs":false,"_genesis_hide_singular_image":false,"_genesis_hide_footer_widgets":false,"_genesis_custom_body_class":"","_genesis_custom_post_class":"","_genesis_layout":"","footnotes":""},"class_list":{"0":"post-1687","1":"page","2":"type-page","3":"status-publish","5":"entry"},"acf":[],"_links":{"self":[{"href":"https:\/\/www.mondoffice.com\/mondoffice-arreda\/wp-json\/wp\/v2\/pages\/1687","targetHints":{"allow":["GET"]}}],"collection":[{"href":"https:\/\/www.mondoffice.com\/mondoffice-arreda\/wp-json\/wp\/v2\/pages"}],"about":[{"href":"https:\/\/www.mondoffice.com\/mondoffice-arreda\/wp-json\/wp\/v2\/types\/page"}],"author":[{"embeddable":true,"href":"https:\/\/www.mondoffice.com\/mondoffice-arreda\/wp-json\/wp\/v2\/users\/6"}],"replies":[{"embeddable":true,"href":"https:\/\/www.mondoffice.com\/mondoffice-arreda\/wp-json\/wp\/v2\/comments?post=1687"}],"version-history":[{"count":8,"href":"https:\/\/www.mondoffice.com\/mondoffice-arreda\/wp-json\/wp\/v2\/pages\/1687\/revisions"}],"predecessor-version":[{"id":1798,"href":"https:\/\/www.mondoffice.com\/mondoffice-arreda\/wp-json\/wp\/v2\/pages\/1687\/revisions\/1798"}],"wp:attachment":[{"href":"https:\/\/www.mondoffice.com\/mondoffice-arreda\/wp-json\/wp\/v2\/media?parent=1687"}],"curies":[{"name":"wp","href":"https:\/\/api.w.org\/{rel}","templated":true}]}}