{"id":222,"date":"2023-11-20T16:00:15","date_gmt":"2023-11-20T15:00:15","guid":{"rendered":"https:\/\/ss-mondoffice.borasolab.it\/?page_id=222"},"modified":"2025-07-08T08:31:05","modified_gmt":"2025-07-08T06:31:05","slug":"workplace","status":"publish","type":"page","link":"https:\/\/www.mondoffice.com\/mondoffice-arreda\/spazi\/workplace\/","title":{"rendered":"Workplace"},"content":{"rendered":"\r\n<p>Progettiamo spazi flessibili, riconfigurabili e attenti al benessere delle persone. Spazi in cui si fondono natura e teconologia per creare ambienti di lavoro sostenibili sia sotto l&#8217;aspetto ambientale che quello sociale.<\/p>\r\n<p><a href=\"https:\/\/www.mondoffice.com\/mondoffice-arreda\/spazi\/workplace\/ufficio\/\"> <img decoding=\"async\" title=\"Ufficio\" src=\"https:\/\/www.mondoffice.com\/mondoffice-arreda\/wp-content\/uploads\/2023\/11\/T3-s2-Ufficio-1.webp\" alt=\"Ufficio\" \/> Ufficio <\/a> <a href=\"https:\/\/www.mondoffice.com\/mondoffice-arreda\/spazi\/workplace\/open-space-e-coworking\/\"> <img decoding=\"async\" title=\"Open space e coworking\" src=\"https:\/\/www.mondoffice.com\/mondoffice-arreda\/wp-content\/uploads\/2023\/11\/T3-s2-Open-space-e-coworiking.webp\" alt=\"Open space e coworking\" \/> Open space e coworking <\/a> <a href=\"https:\/\/www.mondoffice.com\/mondoffice-arreda\/spazi\/workplace\/digital-offices\/\"> <img decoding=\"async\" title=\"Digital offices\" src=\"https:\/\/www.mondoffice.com\/mondoffice-arreda\/wp-content\/uploads\/2023\/11\/T3-s2-Digital-offices.webp\" alt=\"Digital offices\" \/> Digital offices <\/a> <a href=\"https:\/\/www.mondoffice.com\/mondoffice-arreda\/spazi\/workplace\/smartworking-homeworking\/\"> <img decoding=\"async\" title=\"Smartworking\/Homeworking\" src=\"https:\/\/www.mondoffice.com\/mondoffice-arreda\/wp-content\/uploads\/2023\/11\/T3-s2-Smartworking-Homeworking.webp\" alt=\"Smartworking\/Homeworking\" \/> Smartworking\/Homeworking <\/a><\/p>\r\n<h2>Lasciati ispirare dalle nostre soluzioni per il workspace<\/h2>\r\n<p><img decoding=\"async\" title=\"Postazione con scrivania regolabile\" src=\"https:\/\/www.mondoffice.com\/mondoffice-arreda\/wp-content\/uploads\/2023\/11\/T4-s3-Digital-office2-m.webp\" alt=\"Postazione con scrivania regolabile\" \/><\/p>\r\n<p>Postazione con scrivania regolabile<\/p>\r\n<p><img decoding=\"async\" title=\"Postazione smartworking\" src=\"https:\/\/www.mondoffice.com\/mondoffice-arreda\/wp-content\/uploads\/2023\/11\/T3-s3-Spazio-4-m-1.webp\" alt=\"Postazione smartworking\" \/><\/p>\r\n<p>Postazione smartworking<\/p>\r\n<p><img decoding=\"async\" title=\"Open space con spazio di socializzazione e relax\" src=\"https:\/\/www.mondoffice.com\/mondoffice-arreda\/wp-content\/uploads\/2023\/11\/T4-s3-Openspace1.webp\" alt=\"Open space con spazio di socializzazione e relax\" \/><\/p>\r\n<p>Open space con spazio di socializzazione e relax<\/p>\r\n<p><img decoding=\"async\" title=\"Ufficio manageriale\" src=\"https:\/\/www.mondoffice.com\/mondoffice-arreda\/wp-content\/uploads\/2023\/11\/T4-s3-Ufficio4.webp\" alt=\"Ufficio manageriale\" \/><\/p>\r\n<p>Ufficio manageriale<\/p>\r\n<p>Il concetto di ufficio si sta velocemente evolvendo e cos\u00ec deve fare anche il design. In Mondoffice progettiamo uffici con soluzioni arredo flessibili e integrate, in cui la scelta dei mobili e degli spazi rispondono all&#8217;esigenza di un luogo di lavoro attento al benessere delle persone. Una nuova concezione di spazio, in cui <strong>natura<\/strong>, <strong>tecnologia<\/strong> e <strong>benessere<\/strong> si legano contaminandosi e ampliando cos\u00ec la concezione del luogo di lavoro verso forme sempre pi\u00f9 ibride. L&#8217;ufficio del futuro sar\u00e0 sempre pi\u00f9 ispirato al <strong>design biofilico<\/strong>, uno spazio che coniuga e favorisce l&#8217;<strong>integrazione tra natura e uomo<\/strong>, sostenibile in termini ambientali ma anche sociali.<\/p>\r\n","protected":false},"excerpt":{"rendered":"<p>Progettiamo spazi flessibili, riconfigurabili e attenti al benessere delle persone. Spazi in cui si fondono natura e teconologia per creare ambienti di lavoro sostenibili sia sotto l&#8217;aspetto ambientale che quello sociale. Ufficio Open space e coworking Digital offices Smartworking\/Homeworking Lasciati ispirare dalle nostre soluzioni per il workspace Postazione con scrivania regolabile Postazione smartworking Open space [&hellip;]<\/p>\n","protected":false},"author":6,"featured_media":1009,"parent":208,"menu_order":0,"comment_status":"closed","ping_status":"closed","template":"templates\/template-spazi-first-level.php","meta":{"_acf_changed":false,"_genesis_hide_title":false,"_genesis_hide_breadcrumbs":false,"_genesis_hide_singular_image":false,"_genesis_hide_footer_widgets":false,"_genesis_custom_body_class":"","_genesis_custom_post_class":"","_genesis_layout":"","footnotes":""},"class_list":{"0":"post-222","1":"page","2":"type-page","3":"status-publish","4":"has-post-thumbnail","6":"entry"},"acf":[],"_links":{"self":[{"href":"https:\/\/www.mondoffice.com\/mondoffice-arreda\/wp-json\/wp\/v2\/pages\/222","targetHints":{"allow":["GET"]}}],"collection":[{"href":"https:\/\/www.mondoffice.com\/mondoffice-arreda\/wp-json\/wp\/v2\/pages"}],"about":[{"href":"https:\/\/www.mondoffice.com\/mondoffice-arreda\/wp-json\/wp\/v2\/types\/page"}],"author":[{"embeddable":true,"href":"https:\/\/www.mondoffice.com\/mondoffice-arreda\/wp-json\/wp\/v2\/users\/6"}],"replies":[{"embeddable":true,"href":"https:\/\/www.mondoffice.com\/mondoffice-arreda\/wp-json\/wp\/v2\/comments?post=222"}],"version-history":[{"count":38,"href":"https:\/\/www.mondoffice.com\/mondoffice-arreda\/wp-json\/wp\/v2\/pages\/222\/revisions"}],"predecessor-version":[{"id":2182,"href":"https:\/\/www.mondoffice.com\/mondoffice-arreda\/wp-json\/wp\/v2\/pages\/222\/revisions\/2182"}],"up":[{"embeddable":true,"href":"https:\/\/www.mondoffice.com\/mondoffice-arreda\/wp-json\/wp\/v2\/pages\/208"}],"wp:featuredmedia":[{"embeddable":true,"href":"https:\/\/www.mondoffice.com\/mondoffice-arreda\/wp-json\/wp\/v2\/media\/1009"}],"wp:attachment":[{"href":"https:\/\/www.mondoffice.com\/mondoffice-arreda\/wp-json\/wp\/v2\/media?parent=222"}],"curies":[{"name":"wp","href":"https:\/\/api.w.org\/{rel}","templated":true}]}}