{"id":47,"date":"2023-10-23T09:54:01","date_gmt":"2023-10-23T07:54:01","guid":{"rendered":"https:\/\/ss-mondoffice.borasolab.it\/?page_id=47"},"modified":"2023-11-29T10:45:18","modified_gmt":"2023-11-29T09:45:18","slug":"sostenibilita","status":"publish","type":"page","link":"https:\/\/www.mondoffice.com\/mondoffice-arreda\/chi-siamo\/sostenibilita\/","title":{"rendered":"Sostenibilit\u00e0"},"content":{"rendered":"\r\n<h2>Sostenibili dentro e fuori<\/h2>\r\n<p>La sostenibilit\u00e0, sia aziendale che ecologica, \u00e8 uno dei valori pi\u00f9 profondi del nostro gruppo.<\/p>\r\n<h3>L&#8217;importanza di un approccio sostenibile<\/h3>\r\n<p>Sempre pi\u00f9 il concetto di sostenibilit\u00e0 \u00e8 legato a quello di qualit\u00e0 oltre che di benessere dell&#8217;ambiente ma anche della persona. I nostri progetti hanno sempre il focus sul benessere dei lavoratori e l&#8217;attenzione per l&#8217;ambiente.<\/p>\r\n<p><img loading=\"lazy\" decoding=\"async\" title=\"Approccio-sostenibilita\" src=\"https:\/\/www.mondoffice.com\/mondoffice-arreda\/wp-content\/uploads\/2023\/11\/Approccio-sostenibilita.webp\" alt=\"Approccio-sostenibilita\" width=\"900\" height=\"500\" \/> <img loading=\"lazy\" decoding=\"async\" title=\"Filosofia-sostenibilita\" src=\"https:\/\/www.mondoffice.com\/mondoffice-arreda\/wp-content\/uploads\/2023\/11\/Filosofia-sostenibilita.webp\" alt=\"Filosofia-sostenibilita\" width=\"900\" height=\"500\" \/><\/p>\r\n<h3>La nostra filosofia<\/h3>\r\n<p>In Mondoffice siamo convinti che sviluppo sostenibile voglia dire rispondere ai bisogni attuali senza compromettere la capacit\u00e0 delle generazioni future. Questo sia in ambito economico che sociale ed ambientale. Per questo selezioniamo i nostri fornitori con attenzione e secondo i criteri stabiliti nel nostro <strong>Regolamento sugli acquisti e sullo sviluppo sostenibile<\/strong> che tutti i nostri fornitori sono tenuti a firmare.<\/p>\r\n<h3>Sostenibilit\u00e0 per l&#8217;ambiente, sostenibilit\u00e0 per le persone<\/h3>\r\n<p>Progettiamo ambienti che seguono i principi del design biofilico e che mirano al benessere di chi li vive e ci lavora, creando luoghi di lavoro sostenibili non solo per l&#8217;ambiente ma anche per le persone.<\/p>\r\n<p><img loading=\"lazy\" decoding=\"async\" title=\"illuminazione-sostenibilita\" src=\"https:\/\/www.mondoffice.com\/mondoffice-arreda\/wp-content\/uploads\/2023\/11\/illuminazione-sostenibilita.webp\" alt=\"illuminazione-sostenibilita\" width=\"900\" height=\"500\" \/><\/p>\r\n<h2>Le nostre certificazioni<\/h2>\r\n<p><img decoding=\"async\" title=\"Federlegno\" src=\"https:\/\/www.mondoffice.com\/mondoffice-arreda\/wp-content\/uploads\/2023\/11\/t13-s5-Certificazione-1-Federlegno-sostenibilita.png\" alt=\"&lt;p\/&gt;Federlegno\" \/><\/p>\r\n<p>Federlegno<\/p>\r\n<p><img decoding=\"async\" title=\"ISO 9001\" src=\"https:\/\/www.mondoffice.com\/mondoffice-arreda\/wp-content\/uploads\/2023\/11\/t13-s5-Certificazione-2-ISO9001-sostenibilita.png\" alt=\"&lt;p\/&gt;ISO 9001\" \/><\/p>\r\n<p>ISO 9001<\/p>\r\n<p><img decoding=\"async\" title=\"ISO 14001\" src=\"https:\/\/www.mondoffice.com\/mondoffice-arreda\/wp-content\/uploads\/2023\/11\/t13-s5-Certificazione-3-ISO14001-sostenibilita.png\" alt=\"&lt;p\/&gt;ISO 14001\" \/><\/p>\r\n<p>ISO 14001<\/p>\r\n<p><img decoding=\"async\" title=\"ISO 45001\" src=\"https:\/\/www.mondoffice.com\/mondoffice-arreda\/wp-content\/uploads\/2023\/11\/t13-s5-Certificazione-4-ISO45001-sostenibilita.png\" alt=\"&lt;p\/&gt;ISO 45001\" \/><\/p>\r\n<p>ISO 45001<\/p>\r\n<p><img loading=\"lazy\" decoding=\"async\" title=\"materie-prime-sostenibilita\" src=\"https:\/\/www.mondoffice.com\/mondoffice-arreda\/wp-content\/uploads\/2023\/11\/materie-prime-sostenibilita.webp\" alt=\"materie-prime-sostenibilita\" width=\"900\" height=\"500\" \/><\/p>\r\n<h3>Tutela dell&#8217;ambiente<\/h3>\r\n<p>In Mondoffice ci impegniamo ad adottare tutte le misure necessarie per preservare le risorse naturali e ad evitare la degradazione dell&#8217;ambiente, intraprendendo una ricerca costante per ridurre l&#8217;impatto delle nostre attivit\u00e0 sull&#8217;ambiente.<\/p>\r\n<h2>Il nostro impegno per l&#8217;ambiente<\/h2>\r\n<p><img decoding=\"async\" title=\"Offriamo prodotti con certificazioni ecosostenibili\" src=\"https:\/\/www.mondoffice.com\/mondoffice-arreda\/wp-content\/uploads\/2023\/11\/ico-storicita.png\" alt=\"&lt;p\/&gt;Offriamo prodotti con certificazioni ecosostenibili\" \/><\/p>\r\n<p>Offriamo prodotti con certificazioni ecosostenibili<\/p>\r\n<p><img decoding=\"async\" title=\"I nostri progetti sono attenti al risparmio energetico\" src=\"https:\/\/www.mondoffice.com\/mondoffice-arreda\/wp-content\/uploads\/2023\/11\/ico-risparmio.png\" alt=\"&lt;p\/&gt;I nostri progetti sono attenti al risparmio energetico\" \/><\/p>\r\n<p>I nostri progetti sono attenti al risparmio energetico<\/p>\r\n<p><img decoding=\"async\" title=\"Attenta selezione dei fornitori in base a criteri di sostenibilit\u00e0\" src=\"https:\/\/www.mondoffice.com\/mondoffice-arreda\/wp-content\/uploads\/2023\/11\/ico-selezione-fornitori.png\" alt=\"&lt;p\/&gt;Attenta selezione dei fornitori in base a criteri di sostenibilit\u00e0\" \/><\/p>\r\n<p>Attenta selezione dei fornitori in base a criteri di sostenibilit\u00e0<\/p>\r\n<p><img decoding=\"async\" title=\"Promuoviamo ambienti di lavoro sani e sicuri\" src=\"https:\/\/www.mondoffice.com\/mondoffice-arreda\/wp-content\/uploads\/2023\/10\/points-two.png\" alt=\"&lt;p\/&gt;Promuoviamo ambienti di lavoro sani e sicuri\" \/><\/p>\r\n<p>Promuoviamo ambienti di lavoro sani e sicuri<\/p>\r\n","protected":false},"excerpt":{"rendered":"<p>Sostenibili dentro e fuori La sostenibilit\u00e0, sia aziendale che ecologica, \u00e8 uno dei valori pi\u00f9 profondi del nostro gruppo. L&#8217;importanza di un approccio sostenibile Sempre pi\u00f9 il concetto di sostenibilit\u00e0 \u00e8 legato a quello di qualit\u00e0 oltre che di benessere dell&#8217;ambiente ma anche della persona. I nostri progetti hanno sempre il focus sul benessere dei [&hellip;]<\/p>\n","protected":false},"author":6,"featured_media":0,"parent":43,"menu_order":0,"comment_status":"closed","ping_status":"closed","template":"","meta":{"_acf_changed":false,"_genesis_hide_title":false,"_genesis_hide_breadcrumbs":false,"_genesis_hide_singular_image":false,"_genesis_hide_footer_widgets":false,"_genesis_custom_body_class":"","_genesis_custom_post_class":"","_genesis_layout":"","footnotes":""},"class_list":{"0":"post-47","1":"page","2":"type-page","3":"status-publish","5":"entry"},"acf":[],"_links":{"self":[{"href":"https:\/\/www.mondoffice.com\/mondoffice-arreda\/wp-json\/wp\/v2\/pages\/47","targetHints":{"allow":["GET"]}}],"collection":[{"href":"https:\/\/www.mondoffice.com\/mondoffice-arreda\/wp-json\/wp\/v2\/pages"}],"about":[{"href":"https:\/\/www.mondoffice.com\/mondoffice-arreda\/wp-json\/wp\/v2\/types\/page"}],"author":[{"embeddable":true,"href":"https:\/\/www.mondoffice.com\/mondoffice-arreda\/wp-json\/wp\/v2\/users\/6"}],"replies":[{"embeddable":true,"href":"https:\/\/www.mondoffice.com\/mondoffice-arreda\/wp-json\/wp\/v2\/comments?post=47"}],"version-history":[{"count":16,"href":"https:\/\/www.mondoffice.com\/mondoffice-arreda\/wp-json\/wp\/v2\/pages\/47\/revisions"}],"predecessor-version":[{"id":1793,"href":"https:\/\/www.mondoffice.com\/mondoffice-arreda\/wp-json\/wp\/v2\/pages\/47\/revisions\/1793"}],"up":[{"embeddable":true,"href":"https:\/\/www.mondoffice.com\/mondoffice-arreda\/wp-json\/wp\/v2\/pages\/43"}],"wp:attachment":[{"href":"https:\/\/www.mondoffice.com\/mondoffice-arreda\/wp-json\/wp\/v2\/media?parent=47"}],"curies":[{"name":"wp","href":"https:\/\/api.w.org\/{rel}","templated":true}]}}