{"id":514,"date":"2023-11-10T13:01:14","date_gmt":"2023-11-10T12:01:14","guid":{"rendered":"https:\/\/ss-mondoffice.borasolab.it\/?page_id=514"},"modified":"2024-03-27T11:54:43","modified_gmt":"2024-03-27T10:54:43","slug":"come-lavoriamo","status":"publish","type":"page","link":"https:\/\/www.mondoffice.com\/mondoffice-arreda\/chi-siamo\/come-lavoriamo\/","title":{"rendered":"Come lavoriamo"},"content":{"rendered":"\n\n        <h2>Progettiamo luoghi, non attrezziamo semplicemente degli spazi<\/h2>\n        <p>Ogni spazio pu\u00f2 diventare il luogo di lavoro ideale, in cui stare bene. Il nostro compito \u00e8 di essere al vostro fianco  per creare insieme a voi dei luoghi di qualit\u00e0 e un percorso sostenibile.<\/p>\n<h3>\n\t\tFase 1: lo studio\n\t<\/h3>\n\t<p>Nella prima fase del progetto, ci concentriamo sulla raccolta sensibile e precisa delle informazioni di base. Questo ci permette di identificare le caratteristiche principali del progetto. Successivamente, valutiamo attentamente le esigenze funzionali e di design con il cliente, al fine di creare una proposta e selezionare i prodotti pi\u00f9 adatti.<\/p>\n\t\t\t\t<img loading=\"lazy\" decoding=\"async\" src=\"https:\/\/www.mondoffice.com\/mondoffice-arreda\/wp-content\/uploads\/2023\/11\/Step1-progettualita-1.webp\" alt=\"Step1-progettualita\" itemprop=\"image\" height=\"500\" width=\"900\" title=\"Step1-progettualita\" onerror=\"this.style.display='none'\"  \/>\n\t\t\t\t<img loading=\"lazy\" decoding=\"async\" src=\"https:\/\/www.mondoffice.com\/mondoffice-arreda\/wp-content\/uploads\/2023\/11\/Step2-progettualita.webp\" alt=\"Step2-progettualita\" itemprop=\"image\" height=\"500\" width=\"900\" title=\"Step2-progettualita\" onerror=\"this.style.display='none'\"  \/>\n<h3>\n\t\tFase 2: presentazione del progetto e validazione\n\t<\/h3>\n\t<p>Dopo uno studio approfondito, elaboriamo una proposta progettuale che comprende sia i dettagli funzionali che quelli relativi ai prodotti. In questo momento, l&#8217;ambiente prende forma e possiamo immaginarlo attraverso supporti grafici personalizzati. Il progetto viene completato con schede tecniche e una proposta commerciale, che include dettagli sulle tempistiche di realizzazione, consegna e, se necessario, l&#8217;installazione.<\/p>\n<h3>\n\t\tFase 3: consegna e montaggio\n\t<\/h3>\n\t<p>Tutto il materiale necessario alla realizzazione del progetto viene consegnato in situ tramite un vettore dedicato. Il nostro team di tecnici effettuer\u00e0 il montaggio e l&#8217;installazione degli arredi e complementi previsti e provveder\u00e0a nche allo smaltimento di tutti gli imballaggi.<\/p>\n\t\t\t\t<img loading=\"lazy\" decoding=\"async\" src=\"https:\/\/www.mondoffice.com\/mondoffice-arreda\/wp-content\/uploads\/2023\/11\/Target-3.webp\" alt=\"Target-3\" itemprop=\"image\" height=\"350\" width=\"535\" title=\"Target-3\" onerror=\"this.style.display='none'\"  \/>\n        <h2>Alcuni dei nostri progetti<\/h2>\n        \n                    <a href=\"\/mondoffice-arreda\/case-studies\/\">Tutti i nostri casi studio<\/a>\n                                            <a href=\"https:\/\/www.mondoffice.com\/mondoffice-arreda\/case-studies\/rinnovo-spazi-di-lavoro-sede-cerved\/\">\n                    <img decoding=\"async\" src=\"https:\/\/www.mondoffice.com\/mondoffice-arreda\/wp-content\/uploads\/2023\/11\/t8-s1-HeroCerved-m.webp\" alt=\"Rinnovo spazi di lavoro sede Cerved\" title=\"Rinnovo spazi di lavoro sede Cerved\"\/>\n                                        <h5>M&#8217;Arreda<\/h5>\n                                        <p>Rinnovo spazi di lavoro sede Cerved<\/p>\n                        <\/a>\n                                                        <a href=\"https:\/\/www.mondoffice.com\/mondoffice-arreda\/case-studies\/realizzazione-nuovi-uffici-per-mr-worker\/\">\n                    <img decoding=\"async\" src=\"https:\/\/www.mondoffice.com\/mondoffice-arreda\/wp-content\/uploads\/2023\/11\/t8-s1-HeroMrWorker-m.webp\" alt=\"Realizzazione nuovi uffici per Mr. Worker\" title=\"Realizzazione nuovi uffici per Mr. Worker\"\/>\n                                        <h5>M&#8217;Arreda<\/h5>\n                                        <p>Realizzazione nuovi uffici per Mr. Worker<\/p>\n                        <\/a>\n        <ul>\n            \n            \n        <\/ul>\n    <h2>Perch\u00e9 sceglierci<\/h2>\n            <img decoding=\"async\" src=\"https:\/\/www.mondoffice.com\/mondoffice-arreda\/wp-content\/uploads\/2023\/10\/rivolgiamo-icon-one.png\" alt=\"\" title=\"\">Progettazione e consulenza&#8221; title=&#8221;Progettazione e consulenza&#8221;>\n            <p>Progettazione e consulenza<\/p>\n            <img decoding=\"async\" src=\"https:\/\/www.mondoffice.com\/mondoffice-arreda\/wp-content\/uploads\/2023\/11\/ico-assortimento.png\" alt=\"\" title=\"\">Il pi\u00f9 ampio assortimento&#8221; title=&#8221;Il pi\u00f9 ampio assortimento&#8221;>\n            <p>Il pi\u00f9 ampio assortimento<\/p>\n            <img decoding=\"async\" src=\"https:\/\/www.mondoffice.com\/mondoffice-arreda\/wp-content\/uploads\/2023\/11\/ico-consegna.png\" alt=\"\" title=\"\">Servizio delivery plus&#8221; title=&#8221;Servizio delivery plus&#8221;>\n            <p>Servizio delivery plus<\/p>\n            <img decoding=\"async\" src=\"https:\/\/www.mondoffice.com\/mondoffice-arreda\/wp-content\/uploads\/2023\/11\/ico-montaggio.png\" alt=\"\" title=\"\">Servizio montaggio&#8221; title=&#8221;Servizio montaggio&#8221;>\n            <p>Servizio montaggio<\/p>\n\n","protected":false},"excerpt":{"rendered":"<p>Progettiamo luoghi, non attrezziamo semplicemente degli spazi Ogni spazio pu\u00f2 diventare il luogo di lavoro ideale, in cui stare bene. Il nostro compito \u00e8 di essere al vostro fianco per creare insieme a voi dei luoghi di qualit\u00e0 e un percorso sostenibile. Fase 1: lo studio Nella prima fase del progetto, ci concentriamo sulla raccolta [&hellip;]<\/p>\n","protected":false},"author":6,"featured_media":0,"parent":43,"menu_order":0,"comment_status":"closed","ping_status":"closed","template":"","meta":{"_acf_changed":false,"_genesis_hide_title":false,"_genesis_hide_breadcrumbs":false,"_genesis_hide_singular_image":false,"_genesis_hide_footer_widgets":false,"_genesis_custom_body_class":"","_genesis_custom_post_class":"","_genesis_layout":"","footnotes":""},"class_list":{"0":"post-514","1":"page","2":"type-page","3":"status-publish","5":"entry"},"acf":[],"_links":{"self":[{"href":"https:\/\/www.mondoffice.com\/mondoffice-arreda\/wp-json\/wp\/v2\/pages\/514","targetHints":{"allow":["GET"]}}],"collection":[{"href":"https:\/\/www.mondoffice.com\/mondoffice-arreda\/wp-json\/wp\/v2\/pages"}],"about":[{"href":"https:\/\/www.mondoffice.com\/mondoffice-arreda\/wp-json\/wp\/v2\/types\/page"}],"author":[{"embeddable":true,"href":"https:\/\/www.mondoffice.com\/mondoffice-arreda\/wp-json\/wp\/v2\/users\/6"}],"replies":[{"embeddable":true,"href":"https:\/\/www.mondoffice.com\/mondoffice-arreda\/wp-json\/wp\/v2\/comments?post=514"}],"version-history":[{"count":16,"href":"https:\/\/www.mondoffice.com\/mondoffice-arreda\/wp-json\/wp\/v2\/pages\/514\/revisions"}],"predecessor-version":[{"id":2196,"href":"https:\/\/www.mondoffice.com\/mondoffice-arreda\/wp-json\/wp\/v2\/pages\/514\/revisions\/2196"}],"up":[{"embeddable":true,"href":"https:\/\/www.mondoffice.com\/mondoffice-arreda\/wp-json\/wp\/v2\/pages\/43"}],"wp:attachment":[{"href":"https:\/\/www.mondoffice.com\/mondoffice-arreda\/wp-json\/wp\/v2\/media?parent=514"}],"curies":[{"name":"wp","href":"https:\/\/api.w.org\/{rel}","templated":true}]}}